v(0)?
7
Suppose -14 = -6*i + 4*i. Let w(u) = -u**3 + 10*u**2 - 10*u + 9. Let l be w(9). Suppose k + l*k = i. What is the units digit of k?
7
Let s(j) = j**2 + 8*j + 5. What is the units digit of s(-8)?
5
Suppose d + 3*k - 18 = 0, -1 = 4*d + k - 18. Suppose -d*z - 3*f + 5*f = -12, -2*f = 3*z. What is the units digit of z?
2
What is the units digit of (234/13)/((-2)/(-1))?
9
Suppose 0 = c - 5, -22 = 5*k + 2*c - 102. Suppose -f + 5 + k = 0. What is the units digit of f?
9
Let o be (-28)/13 - (-12)/78. What is the tens digit of (o - 1/1) + 19?
1
Suppose -4*b + 40 = -4*p, 5*p + 4*b - 2*b = -43. Let i be 0/(p/(-3)) + 11. Suppose -3*c + i = -4. What is the units digit of c?
5
Suppose -3*b = -4*s + 2, 0 = -b - 2*b - 2*s + 10. Let o be b/(-5) + (-54)/(-10). Suppose -5*z - 3*u + 54 = 0, u + o = z - 1. What is the units digit of z?
9
Suppose -156 = 5*l - 9*l. What is the tens digit of l?
3
Let d(m) = 11*m + 8. Let r be d(8). Suppose s + 3*s - r = 0. Suppose 0*n - 3*n = -2*o + s, -3*o + 36 = -4*n. What is the tens digit of o?
1
Let n(t) = -1. Let y(o) = o - 2. Let h(c) = 6*n(c) - 2*y(c). Suppose 0 = d + 1 + 6. What is the tens digit of h(d)?
1
Let v(u) = u**3 + 8*u**2 - 9*u + 3. Let d be v(-9). Suppose 5*m + 2 = 3*o - 2, -o + 20 = d*m. What is the units digit of o?
8
Let l(g) = g**2 - 9*g - 5. Let x be l(8). Let k = x + 22. What is the units digit of k?
9
Suppose 0*l = 2*l. Suppose -2*t = -l*a - 3*a - 10, -16 = -4*a. What is the tens digit of t?
1
Let w(c) = c**3 + 6*c**2 - 8*c. Let l be w(-7). Let f = 15 - l. What is the units digit of f?
8
Let z be 2/(3 + 14/(-6)). Suppose m - z*m = -86. What is the units digit of m?
3
Suppose -4*c + 4*v = -0*c + 24, 3*v = c + 16. What is the tens digit of (-4 + 18)/(c/(-2))?
2
Let r(m) = -3*m - 16. What is the tens digit of r(-9)?
1
Let b = 19 - 28. Let n be 3*12*(-2)/b. Let x = -4 + n. What is the units digit of x?
4
Suppose 0 = -2*l - 0*l + 10. Let w(z) = -z**3 + 5*z**2 - 3*z. Let q be w(4). Suppose -q*a + 45 = l. What is the units digit of a?
0
Suppose -2*h - 4*w = -32, -5*h = -w - 15 - 21. What is the units digit of h?
8
Let q be 0/6 + 1*10. Let j be 1/(-5) - (-32)/q. Suppose -2*v - j = -11. What is the units digit of v?
4
Let j(k) = k**3 + 5*k**2 - k - 2. Let s be j(-5). What is the units digit of 7*((s - 1) + -1)?
7
Let u(y) = -2 + 6*y + 3 + 9*y. What is the tens digit of u(1)?
1
Let j(p) = 6*p + 7. Let u(z) = -4*z - 5. Suppose 0 = -5*l - 3*r + 25, -l - 4*r = -r + 7. Let f(s) = l*u(s) + 5*j(s). What is the units digit of f(-5)?
5
Let d(g) = -g**3 + 6*g**2 + 9*g - 1. Let n be d(7). Let w = 8 - 6. Let u = n - w. What is the tens digit of u?
1
Suppose -27 = -p - h, -4*h = h + 10. What is the tens digit of p?
2
Let o = 38 - 24. Let s = 17 - o. What is the units digit of s?
3
Let z(d) = d**3 - 5*d + 1. Let j be z(4). Suppose -2*m = 3*m - j. What is the units digit of m?
9
Let m be 1 + -3 + 3 + -1. Suppose -4*j + 2*w - 20 = 6*w, 3*j - 4*w + 1 = m. Let r = 2 - j. What is the units digit of r?
5
Suppose 5 = -2*u + 3*y, -4*u - 4 = -3*u - 2*y. Let q(o) = o**2 - 7*o + 5. Let k(j) = 1. Let l(d) = u*k(d) - q(d). What is the units digit of l(5)?
7
Suppose c - 193 = 39. What is the tens digit of c?
3
Let k(g) = g + 12. Let r be k(-5). Let l be ((-1)/(-3))/((-2)/12). Let c = r + l. What is the units digit of c?
5
Let i(d) = d**2 - 8*d + 7. Let c be i(5). Let j(g) = -5*g - 11. What is the tens digit of j(c)?
2
Suppose 1 = -r + 24. What is the units digit of r?
3
Suppose -a = -z - 3, 2*a = 3*z + 9 - 2. What is the units digit of a?
2
Let a = -78 + 121. What is the units digit of a?
3
Suppose -r + 5 = -5. Let x = 14 - 9. What is the units digit of x/r + (-3)/(-2)?
2
Let q be (4/5)/(5/50). Suppose 0*m - m - q = 3*p, m + 2 = -p. What is the units digit of m?
1
Let l(d) = d**3 + 6*d**2 + 5. Let y be l(-6). Suppose 3*k + p - 3*p = -22, -58 = y*k + 2*p. What is the units digit of -2*k/8*2?
5
Suppose 0 = -q - 3, 5*q = v + 6 - 20. Let u be ((-9)/v)/((-6)/(-4)). Suppose o = -o + u. What is the units digit of o?
3
Let j(x) = x**2 + 6*x + 6. Let f be j(-5). Let m be (f*2)/(8/(-108)). What is the units digit of ((-3)/(-9))/((-1)/m)?
9
Let a = 184 - 60. What is the hundreds digit of a?
1
What is the units digit of (-966)/(-18) - (-2)/(-3)?
3
Suppose -58 = 6*n - 8*n. What is the units digit of n?
9
Suppose -230 = -2*y - 2*w, 4*w - 343 = 2*y - 5*y. What is the units digit of y?
7
What is the units digit of ((-20)/(-9) - 2/9) + 75?
7
Let k(y) = -1 - 5*y**3 + 1. Let d be k(-1). Suppose d*v - 24 = -4. What is the units digit of v?
4
Suppose 4*i - 8*i + 140 = 0. What is the tens digit of i?
3
Let t(u) = 4*u**2 + 44*u + 12. Let w be (-2)/3*81/(-6). Let b(x) = -x**2 - 11*x - 3. Let g(o) = w*b(o) + 2*t(o). What is the units digit of g(-10)?
7
Suppose -7*k - 55 = -12*k. What is the tens digit of k?
1
Suppose -3*h = -3*m - 7*h + 295, -m + 100 = h. What is the units digit of m?
5
Suppose v - 2*i = 12, 4*v - 66 = -3*i + 26. What is the tens digit of v?
2
Let n(j) = -j**3 - 9*j**2 + 11*j + 10. Let p be n(-10). Suppose -5*c + 2 + 8 = p. What is the units digit of c?
2
What is the tens digit of ((-207)/6)/(-3)*(-8)/(-1)?
9
Let d = 8 + -5. Suppose 2*z + 88 = d*x + 22, -2*x = -3*z - 44. Suppose 2 = 4*g - x. What is the units digit of g?
6
Let x(r) = 3*r**2 + 2*r - 10. What is the tens digit of x(3)?
2
Suppose y = 2*y - 4. Suppose 0*w = -y*w + 96. What is the tens digit of w?
2
Let n = 7 - 3. Let s be 84/(-16) + 1/n. Let r = s - -21. What is the units digit of r?
6
Let s(x) = 7*x - 2. Let h be s(1). Suppose 2*f - h*f + 96 = 0. What is the units digit of f?
2
Let d(z) = z**3 - 16*z**2 + 2*z + 6. What is the units digit of d(16)?
8
Suppose 0 = 6*f - 2*f - 64. Suppose -f = -2*n - 2*n. Let x = -3 + n. What is the units digit of x?
1
Suppose 2*m + 3 = -3. What is the units digit of -38*(m - -2)/2?
9
Let a = 4 - 4. Suppose a = -2*g - 4*f + 4, 2*g = 5*f - 4 + 17. Suppose 0 = 3*z - 0*z + g*x - 28, 4*x = 5*z - 100. What is the units digit of z?
6
Suppose 4*q - 2*s = -s + 16, 0 = -2*q + 3*s - 2. Suppose 116 = q*c - c. What is the units digit of c?
9
Suppose 8*l - 1226 = -10. What is the tens digit of l?
5
Suppose n + 0 - 3 = 0. Suppose 2*f - 2*i = 3*i + 9, -n*f - 5*i = -1. What is the units digit of (f/(4 - 2))/1?
1
Suppose 3*g - 779 = -0*c - c, 2*c + 514 = 2*g. What is the hundreds digit of g?
2
Let t(l) = l**2 + l + 5. Let q be t(0). Suppose -q*z + 63 = 3*v, 0 = 4*z + 4*v - 32 - 20. Let u = -5 + z. What is the units digit of u?
7
Let o(j) be the first derivative of 12*j**4 - 3*j**2/2 + 2*j + 6. What is the units digit of o(1)?
7
Let z(q) = -q**3 - q**2. Let w(r) = -3*r**3 - 8*r**2 - 6*r - 7. Let c(m) = -w(m) + 2*z(m). What is the units digit of c(-5)?
2
Suppose 10*d = -940 + 3000. What is the units digit of d?
6
Let f = 55 + -31. What is the units digit of f?
4
Let h(k) = k**3 - 8*k**2 - 9*k - 6. Let t be h(9). Let q be 2/(2/t + 0). Let v = -3 - q. What is the units digit of v?
3
Let a(b) = b. Let z(s) = 3*s + 1. Let v(k) = -6*a(k) + z(k). Let t(h) = -h + 1. Let x be t(2). What is the units digit of v(x)?
4
Let l(o) = -o**3 + 5*o**2 + o - 5. Let j be l(5). Suppose y = j, -3*u - y + 15 = -0*y. Let c = -4 + u. What is the units digit of c?
1
Let x(j) = -j**2 + j**3 - 3*j + 2*j + 0*j**2. Let v be x(-1). Let y = 3 + v. What is the units digit of y?
2
Suppose -3*y - 5 = 4. Let g be (-2 - y) + -1 + 4. Suppose 3*c - 34 = -g. What is the units digit of c?
0
Let y = -11 + 18. Let a = y + -4. Suppose -a*h = -0*q + 4*q - 42, -5*h = -q - 47. What is the tens digit of h?
1
Let l = -131 + 135. What is the units digit of l?
4
Let l = 18 - 13. Let y = 0 + 1. Let b = l - y. What is the units digit of b?
4
Suppose -477 = -5*b - 187. Let l = b + -36. What is the units digit of l?
2
Let g = 28 - -16. What is the tens digit of g?
4
Let w = -16 + 4. Let a = 14 + w. What is the units digit of a?
2
Let f = -3 - -8. Let s(o) be the first derivative of o**3/3 - 5*o**2/2 + 2*o + 4. What is the units digit of s(f)?
2
Let u(c) = c**3 - 4*c**2 + 2*c. Let a be u(3). Let o(j) = -j**3 - 2*j**2 - 4. What is the units digit of o(a)?
5
What is the units digit of ((-138)/(-5))/((-3)/(-10))?
2
Let x(m) = 9*m**2 - m. Let q = 2 - 1. What is the units digit of x(q)?
8
Let d(c) = c**3 - 1 - c + 0*c**3 + 0*